- 5*u + 5. Let g = 13 - 18. Let l be v(g). Determine m(l).
7
Let y(w) = -w + 16. Let v be y(6). Suppose -4*b = 5*p - 2*p - 11, 2*p - v = -4*b. Let k(x) = -6*x**b - 1 + 12*x - 12*x. Calculate k(1).
-7
Let w(u) = -2*u**2 + 6*u - 5. Let j be (-1)/(-1) + 2 + 0. Suppose 3*q - 5*k - 9 = 4*q, -j = q + 3*k. Suppose -h - 20 = -q*h. Give w(h).
-13
Let j = 7 - -1. Suppose 0 = 6*i - 16 - 8. Let h(x) = -j*x + 6*x - i + 5. Give h(-3).
7
Let n(u) = u + 13. Let d be -8 + (32/7 - 20/35). Determine n(d).
9
Let j = -9980 + 9973. Let z(s) = 1 + 3*s - 2*s + 3. Determine z(j).
-3
Let s = 13 + -4. Suppose -b + s - 6 = 0. Let y(f) = f**b + 7*f**2 - 5 + 9*f - f + 0 + 1. Give y(-6).
-16
Let k(g) = 4*g**2 + 87*g - 96. Let o be k(-23). Let n(s) = s**3 - 20*s**2 + 17*s + 45. What is n(o)?
7
Let p(k) be the third derivative of 1/120*k**6 + 2/15*k**5 + 0 + 0*k + 1/12*k**4 + 7/6*k**3 + 2*k**2. Determine p(-8).
-9
Let s(z) = 4*z**3 + 13*z**2 - 24*z + 4. Let y(q) = 2*q**3 + 7*q**2 - 13*q + 2. Let p(o) = 6*s(o) - 11*y(o). Let l = -33 + 31. Calculate p(l).
-8
Let f(t) = -t**2 - 10*t + 2. Let m be -11 + (-2)/(-1) + -1. Let h be f(m). Let g(r) = 5*r - 3*r**2 + 3*r**2 - 3 - 2*r**h + 3*r**2. Determine g(-4).
-7
Let z(c) = c**3 - 5*c**2 - 5*c + 10. Let k be z(6). Let h be 24/10 + k/(-40). Let f(g) = -2 + 5 - h + 5 + g. Give f(-5).
1
Let d be ((-54)/(-30))/(6/20). Suppose -2 = -w - f + 3, 0 = -2*w - 3*f + d. Let n(r) = 3*r**2 - 4*r**2 - w + 13. Determine n(-3).
-5
Let t(p) = p**2 + 2*p + 3. Let u be (-1404)/585*(1 + (-6)/(-4)). Determine t(u).
27
Let y(q) = -4 - 6*q + 8*q**2 + 2 + 0*q - q**3. Let a = -2420 - -2427. Determine y(a).
5
Let a(q) = -2*q + 3. Let i(f) = -1 - 16 + 142*f**2 - 141*f**2 + f. Let p be i(-5). Give a(p).
-3
Let o(l) = -4*l + 11. Let f be o(-6). Suppose -7 = -3*p + f. Let k(u) = -15*u**3 + p*u**3 + 1 + 4. What is k(0)?
5
Let o(k) = 5*k**2 - 19*k - 1. Let d be o(4). Let u(i) = d*i**2 - 8 + 4 + 0 + 3. Give u(1).
2
Let s = 1078 - 1076. Let p(k) be the second derivative of -s*k - 1/6*k**3 + 0 + 1/2*k**2 + 5/12*k**4 - 1/20*k**5. Calculate p(5).
-4
Let o(d) = d**2 + 4*d. Suppose -a = -4*g + 14 + 1, 4*a = -g - 9. Calculate o(a).
-3
Suppose 5*i - 42 = -4*q, 3*i - 30 = -0*i - 4*q. Let c(x) = x**2 - 4*x - 1 + 0*x**2 - 2*x. Determine c(i).
-1
Let r = -2 - -4. Let d(n) = 1 + 1 - 2*n**2 + 0*n**r + n. Let a(o) = -o**3 + 3*o**2 + 11*o - 24. Let f be a(2). Calculate d(f).
-4
Suppose 0 = -5*o + 4*w - 51, -5*w + 30 + 20 = -5*o. Let p(g) = g + 10. What is p(o)?
-1
Let t(j) be the first derivative of -j**2 + 4*j + 68. Determine t(-9).
22
Let p(o) be the third derivative of 0*o + 0 - 1/6*o**3 + 29*o**2 + 1/24*o**4. What is p(2)?
1
Let t(n) be the second derivative of -n**3/3 - 3*n**2/2 + 13*n. Let v = -17 + 12. Determine t(v).
7
Let w(q) = -q**2 + 2*q + 1. Let a(o) = -7*o**2 + 19*o + 10. Let n(k) = a(k) - 6*w(k). Calculate n(9).
-14
Let w(f) = f**2 + 2*f - 5. Suppose 2*g + 0*i = -4*i + 34, 2*i = -4*g + 50. Let r(h) = 0*h**3 + g + 3*h**3 - 9*h**2 - 2*h**3 + 6*h. Let k be r(8). What is w(k)?
10
Let z be 3 + 552/(-54) + (-6)/(-27). Let u(y) = y**3 + 8*y**2 + 7*y + 6. What is u(z)?
6
Let y(s) be the second derivative of -s**4/12 - 2*s**3/3 + 4*s**2 + s + 211. Determine y(-5).
3
Let f = 16 - 16. Suppose 3*r = -5*g + 20, f*g = 2*g - 2*r - 24. Suppose 5*v + 2 + 6 = 3*d, 5*v + g = 2*d. Let s(a) = 5*a**3 + a - 1. Determine s(d).
5
Let d(z) be the third derivative of -z**4/24 - 11*z**3/6 - 2*z**2 - 18*z. What is d(-6)?
-5
Let d(r) = -4*r + 27. Let z(u) = -u + 7. Suppose -3*p = 3*o - p + 25, 0 = -p + 1. Let a(q) = o*z(q) + 2*d(q). Suppose -2*y + 6 = -5*y, 3*y = -l. Calculate a(l).
-3
Let m(o) be the second derivative of -o**6/720 + o**5/120 - o**4/6 + 6*o. Let h(a) be the third derivative of m(a). Determine h(-4).
5
Let s be (3 + 90)/(1/(-3)). Let p be s/39 - (33/39 - 1). Let z(o) = 2*o + 8. What is z(p)?
-6
Let v be 0/(4/(0 - -4)). Suppose -t + 5*z = t - 15, -t + z + 6 = v. Let l = 3 - t. Let m(f) = -2*f**2 - f - 2. Calculate m(l).
-8
Let w(z) be the third derivative of 1/15*z**5 - 3*z**2 + 0 - 1/8*z**4 + 1/3*z**3 - 1/60*z**6 + 0*z. Let y be (0 - 1) + 3 - 0. Give w(y).
-4
Suppose 0 = 2*z + z + 177. Let p = z - -61. Let h(d) = 4*d - 3. What is h(p)?
5
Let i(l) = 4*l**3 - 3*l**2 + 10*l + 3. Let m(c) = -c**3 - c. Let t(v) = -i(v) - 5*m(v). Let x be 4*(5/(-4) + -3). Let f = x - -14. What is t(f)?
12
Let j(l) = -5*l + 7. Let v(p) = -p + 1. Let o(n) = j(n) - 3*v(n). Let k be 3 + -2 - (5 + -11 - -3). Determine o(k).
-4
Let d(l) = -l**2 + 4*l. Suppose 5*m - 401 + 121 = 0. Let v be (48/m)/((-1)/(-7)). Let g be v/(-21) + (-32)/(-14). Calculate d(g).
4
Let x = -35 - -26. Let s(t) be the third derivative of t**6/120 + 2*t**5/15 - t**4/3 + 3*t**3/2 - t**2. Let q be s(x). Let y(h) = -h + 3. Calculate y(q).
3
Let l(j) be the third derivative of j**5/60 + 5*j**4/8 + j**3 - 526*j**2. Determine l(-12).
-30
Let m be 12/(-20) + 91/35. Let o(j) = 4*j**3 - 4*j**3 - j**2 - 6*j + j**3 + 5*j**m. Determine o(-5).
5
Let s(q) be the second derivative of q**4/12 - q**3 - 3*q**2 - 1420*q. Let v be (-40)/(-6) + (-4)/6. Give s(v).
-6
Let h(q) = 8*q - 13. Let f = -716 + 722. Calculate h(f).
35
Suppose -4*h + 0*r - 5*r = -35, -4*r + 6 = h. Suppose -i - 1 = 3*u, 8 = -4*i + 2*u - h. Let y(n) = 0 - 2 + 5*n**2 - 3 + n**3. Give y(i).
11
Let t(c) = -5*c**2 - 2*c - 6. Let u(f) = -f - 3*f - 8*f**2 + 2*f**2 - 7 + f. Let n(d) = 7*t(d) - 6*u(d). What is n(-4)?
0
Let p(t) be the second derivative of 4*t**4/3 - t**3/6 - 3*t**2/2 - 26*t. Let o(z) = -15*z**2 + z + 2. Let i(c) = -3*o(c) - 2*p(c). Give i(-1).
14
Let f(d) = 18*d**2 + 1. Suppose 0 = 5*j + a + 8, 19 = -3*j - 4*a + 4. What is f(j)?
19
Let i(z) be the first derivative of z**6/24 + z**5/60 + z**4/24 - 7*z**2/2 - 6. Let d(h) be the second derivative of i(h). Calculate d(-1).
-5
Let b(g) = g**3 - 6*g**2 - 24*g + 59. Let o be b(8). Let l(s) = -3*s - 2*s**2 + s**2 - s. Determine l(o).
-5
Let z(j) be the first derivative of j**4/4 - 7*j**3/3 - 5*j**2 + 12*j - 8. Let b be z(8). Let t(w) = 4*w + 4. Determine t(b).
-12
Let a(d) = d**2 + d. Suppose -16 = -5*k + 14. Suppose -k*o + 3*o - 9 = 0. What is a(o)?
6
Let a(s) = -s**3 + 5*s**2 - 6*s + 1. Let r(h) = -7*h + 31. Let x(t) = -28*t + 124. Let y(f) = -9*r(f) + 2*x(f). Let v be y(5). Give a(v).
-7
Let z(q) = q**3 - 5*q**2 + 4*q - 2. Suppose -r + w = -2, 2*r - r - 6 = -3*w. Suppose 4*u + 4*o - 12 = 0, 2*u = u + 4*o + r. Give z(u).
-8
Let o(s) be the third derivative of -s**5/60 + s**4/24 - s**3/6 + s**2. Let h = -5 + 37. Let w be 8/h + 1/(-4). Calculate o(w).
-1
Let t(n) be the third derivative of 2*n**6/15 - n**5/30 + n**3/6 - 349*n**2. Determine t(-1).
-17
Let z(k) be the first derivative of -k**4/4 + k**2/2 - 2. Let x = -20 + 14. Let u be 2/14 + x/(-7). What is z(u)?
0
Let p = -33 - -41. Let v(w) = -8 - w**2 + 14*w + 4*w - p*w. What is v(6)?
16
Let n(o) be the first derivative of -o**3/3 + 2*o**2 + 4*o - 472. Give n(-6).
-56
Let s(p) = p**2 - 9*p + 9. Let r(k) = -2*k + 12. Suppose -1 = 7*o + 13. Let m be 7 + (-7 - o) + 1. Let q be r(m). Calculate s(q).
-9
Let d(v) = -v**2 + 17 + 10*v - 44 + 17 + 18. Give d(11).
-3
Let x(v) = v**2 - 1. Let o(l) = -3*l**2 + 6 + 7*l + l**2 - 5*l**2 + l**2. Let k(b) = o(b) + 5*x(b). Let r(n) be the first derivative of k(n). What is r(5)?
-3
Suppose 35*q - 267 + 92 = 0. Let o(n) = -n**3 + 4*n**2 - 5*n + 11. What is o(q)?
-39
Let w(p) = p**3 + p**2 - p + 1. Let q(g) = -4 + 0*g - 5 - g + 0. Let l be q(-7). Give w(l).
-1
Let g(u) = 4*u - 21. Let p be g(6). Suppose -p*q = -17 + 14. Suppose -q = -f + 2. Let w(o) = -o**2 - 2*o + 4. Give w(f).
-11
Suppose -13*u = -9*u - 12. Let a(d) = 6*d**2 - d**u + 13*d + 2 - 4 - 15*d. Determine a(5).
13
Let p(m) be the first derivative of -m**4/4 - 4*m**3/3 + 2*m**2 - 7*m - 26224. Suppose 3*o + 0*o + 15 = 0. Let y = 0 + o. Calculate p(y).
-2
Let s(m) = -2*m**2 - 13*m - 4. Suppose -5*p = 2*c - 0*p + 37, -49 = 4*c + 5*p. Determine s(c).
2
Let c(l) be the third derivative of l**7/840 - l**6/45 - 9*l**3/2 - 26*l**2. Let p(g) be the first derivative of c(g). What is p(8)?
0
Let j(b) = -b**3 - 6*b**2 + 2*b - 6. Let p(r) = 3*r**3 + 18*r**2 - 7*r + 17. Suppose 16 - 91 = -3*y. Let f = -21 + y. Let c(l) = f*p(l) + 11*j(l). Give c(-7).
-5
Let k(l) = 3*l - 19. Let f(j) = 9*j - 60. Let c(s) =